est common factor of 301740 and 15.
15
Calculate the greatest common factor of 187264 and 55.
11
What is the greatest common divisor of 243 and 11?
1
What is the highest common factor of 5733 and 206154?
117
What is the greatest common factor of 42113 and 46?
23
What is the highest common divisor of 6791630 and 40?
10
Calculate the highest common divisor of 172570 and 20.
10
What is the highest common factor of 1290996 and 3024?
252
What is the highest common divisor of 1786 and 1406?
38
What is the highest common divisor of 612 and 177948?
36
What is the greatest common factor of 124 and 648706?
62
Calculate the greatest common factor of 140 and 77910.
70
Calculate the highest common factor of 987 and 17451.
21
Calculate the highest common divisor of 1537 and 5830.
53
Calculate the greatest common divisor of 253 and 5359.
23
Calculate the highest common factor of 1186074 and 36.
18
Calculate the highest common divisor of 64 and 509984.
32
Calculate the greatest common factor of 27 and 33489.
9
Calculate the highest common divisor of 1006772 and 2964.
988
What is the highest common factor of 102666 and 2911?
71
Calculate the greatest common divisor of 452970 and 2520.
630
Calculate the greatest common factor of 420363 and 12.
3
What is the highest common factor of 21861 and 49?
7
What is the highest common divisor of 1170 and 80600?
130
What is the greatest common divisor of 5794 and 6?
2
Calculate the highest common divisor of 13052 and 572.
52
Calculate the greatest common divisor of 7658 and 228.
2
What is the highest common divisor of 90854 and 26?
2
What is the greatest common factor of 8855 and 81235?
385
What is the highest common factor of 30162 and 88?
22
Calculate the greatest common divisor of 3043 and 918.
17
Calculate the greatest common factor of 27 and 3144609.
27
What is the highest common divisor of 30610 and 600?
10
What is the highest common divisor of 600 and 42552?
24
What is the highest common divisor of 17 and 115073?
17
What is the highest common factor of 45 and 92115?
45
Calculate the greatest common factor of 102 and 431358.
102
Calculate the highest common factor of 57840 and 320.
80
Calculate the greatest common factor of 99 and 201303.
9
Calculate the greatest common factor of 432 and 16011.
27
Calculate the greatest common factor of 61 and 30439.
61
Calculate the highest common divisor of 765786 and 42.
42
What is the highest common divisor of 187838 and 546?
14
Calculate the highest common divisor of 50 and 294725.
25
What is the greatest common factor of 29 and 130761?
29
What is the greatest common divisor of 5 and 198545?
5
Calculate the highest common factor of 882 and 158956.
98
Calculate the greatest common factor of 530680 and 60.
20
Calculate the highest common factor of 41406 and 8040.
402
What is the greatest common factor of 288 and 124236?
36
What is the highest common divisor of 650 and 52702?
26
Calculate the greatest common factor of 484 and 1868.
4
Calculate the highest common factor of 3852 and 3816.
36
What is the highest common factor of 1085478 and 24?
6
What is the greatest common divisor of 256 and 246?
2
Calculate the greatest common divisor of 40712 and 672.
56
What is the greatest common factor of 5404 and 104?
4
What is the greatest common factor of 145833 and 6?
3
Calculate the greatest common factor of 34 and 449191.
17
What is the highest common divisor of 219260 and 6080?
380
Calculate the highest common factor of 454 and 1376982.
454
What is the highest common divisor of 515 and 477199?
103
Calculate the highest common divisor of 192 and 54.
6
Calculate the highest common factor of 2431580 and 100.
20
Calculate the greatest common factor of 12814 and 94466.
298
Calculate the highest common divisor of 156681 and 216.
27
Calculate the greatest common factor of 17009 and 3961.
233
What is the greatest common divisor of 5103 and 23409?
81
Calculate the greatest common divisor of 8484 and 1428.
84
What is the greatest common factor of 700 and 443590?
70
What is the highest common factor of 772000 and 224?
32
Calculate the greatest common factor of 87 and 4427517.
87
Calculate the greatest common factor of 42291 and 333.
333
Calculate the greatest common factor of 9703 and 59783.
313
What is the greatest common divisor of 6582 and 2694?
6
What is the highest common divisor of 656 and 2032?
16
Calculate the highest common factor of 396 and 193446.
198
What is the greatest common divisor of 790717 and 1426?
713
What is the highest common factor of 35322 and 609?
609
Calculate the highest common divisor of 118 and 26963.
59
Calculate the highest common factor of 24 and 3418626.
6
Calculate the greatest common factor of 8792 and 40488.
56
What is the highest common factor of 122475 and 175?
25
Calculate the highest common factor of 190 and 320.
10
What is the highest common divisor of 9 and 873?
9
What is the highest common divisor of 19670 and 1680?
70
What is the highest common divisor of 112 and 552776?
56
What is the greatest common factor of 14051 and 1?
1
What is the highest common divisor of 63 and 45315?
9
Calculate the greatest common factor of 390872 and 272.
8
Calculate the highest common factor of 360 and 2880.
360
Calculate the highest common factor of 3292123 and 43.
43
Calculate the highest common divisor of 8847 and 63.
9
What is the highest common factor of 371 and 24433?
53
What is the highest common factor of 12052 and 162288?
92
Calculate the highest common divisor of 320 and 238336.
64
What is the greatest common divisor of 72 and 5184?
72
Calculate the highest common factor of 18117 and 209.
11
Calculate the highest common divisor of 47470 and 30.
10
What is the greatest common factor of 19467 and 51191?
721
Calculate the greatest common divisor of 1279030 and 138.
46
Calculate the greatest common factor of 37962 and 855.
171
Calculate the greatest common divisor of 999 and 1116.
9
What is the highest common divisor of 224 and 153146?
14
Calculate the highest common divisor of 183 and 26604723.
183
What is the greatest common divisor of 885626 and 196?
98
What is the greatest common divisor of 7600824 and 528?
264
What is the highest common divisor of 2443 and 32108?
349
Calculate the greatest common divisor of 268 and 1852.
4
What is the highest common factor of 51290 and 2760?
230
Calculate the highest common factor of 65 and 25129.
13
Calculate the greatest common factor of 325045 and 2405.
185
Calculate the greatest common factor of 19 and 52307.
19
What is the greatest common factor of 20166272 and 14?
14
Calculate the greatest common divisor of 8962 and 1.
1
What is the greatest common factor of 26078 and 1274?
26
What is the greatest common factor of 13794 and 19570?
38
What is the highest common factor of 1139 and 114223?
17
What is the highest common divisor of 154 and 193886?
154
Calculate the highest common factor of 368 and 3279432.
184
What is the highest common divisor of 427113 and 162?
81
Calculate the greatest common factor of 3161 and 2289.
109
Calculate the highest common divisor of 150 and 207240.
30
Calculate the highest common factor of 45 and 84897.
9
Calculate the highest common divisor of 123496 and 774.
86
What is the highest common factor of 76832 and 416?
32
Calculate the greatest common divisor of 217952 and 417.
139
Calculate the greatest common divisor of 4388604 and 96.
12
Calculate the greatest common divisor of 79227 and 18.
9
What is the greatest common factor of 120 and 16968?
24
Calculate the greatest common divisor of 3438218 and 28.
14
What is the highest common divisor of 325 and 6660?
5
Calculate the highest common factor of 42916 and 4.
4
Calculate the highest common factor of 1491 and 6609603.
1491
What is the greatest common factor of 5 and 38379?
1
What is the greatest common factor of 10 and 355660?
10
What is the greatest common divisor of 3645 and 4365?
45
What is the greatest common divisor of 583 and 8056?
53
Calculate the greatest common divisor of 564 and 20398.
94
Calculate the highest common divisor of 1700 and 5508.
68
Calculate the greatest common factor of 84315 and 20805.
1095
What is the highest common divisor of 265 and 50403?
53
What is the highest common factor of 441013 and 157?
157
What is the highest 